97 prime?
False
Is 16462 composite?
True
Is 118751 prime?
True
Is 52619 composite?
True
Is 6241 prime?
False
Is 88493 prime?
True
Is 54217 a prime number?
True
Is 11983 a prime number?
False
Is 5809 prime?
False
Is 11201 prime?
False
Is 160199 a prime number?
False
Is 408658 composite?
True
Is 9007 a composite number?
False
Is 848051 prime?
True
Is 1191481 prime?
True
Is 576311 composite?
True
Is 513593 a composite number?
False
Is 23073 composite?
True
Is 38959 prime?
True
Is 3094099 a composite number?
False
Is 6866 a composite number?
True
Is 325411 prime?
True
Is 159591 a composite number?
True
Is 51713 a composite number?
False
Is 7985 prime?
False
Is 690535 composite?
True
Is 103711 a composite number?
True
Is 16181 a prime number?
False
Is 130757 a prime number?
False
Is 2291 prime?
False
Is 139 a prime number?
True
Is 121937 composite?
False
Is 490661 a prime number?
True
Is 442439 composite?
False
Is 12295 composite?
True
Is 390253 prime?
False
Is 270407 a composite number?
False
Is 1257 a prime number?
False
Is 11903 composite?
False
Is 63823 prime?
True
Is 24683 a prime number?
True
Is 2419 a composite number?
True
Is 20291 a prime number?
False
Is 2179 prime?
True
Is 2184863 a prime number?
True
Is 309867 composite?
True
Is 18985 prime?
False
Is 21779 a prime number?
False
Is 851 composite?
True
Is 6446645 a prime number?
False
Is 1804489 a composite number?
False
Is 130541 composite?
True
Is 5981 a composite number?
False
Is 21211 a prime number?
True
Is 49349 prime?
False
Is 2767 a composite number?
False
Is 3097 prime?
False
Is 112559 a prime number?
True
Is 225419 a composite number?
True
Is 1315837 a composite number?
False
Is 26579 prime?
False
Is 124291 a composite number?
False
Is 155039 a prime number?
False
Is 1446469 a prime number?
True
Is 72763 composite?
False
Is 280219 composite?
False
Is 415 prime?
False
Is 19339 prime?
False
Is 412831 a prime number?
True
Is 11177 a composite number?
False
Is 8035 a composite number?
True
Is 162209 a prime number?
True
Is 847507 prime?
True
Is 149813 a composite number?
True
Is 18931 a composite number?
True
Is 1094986 composite?
True
Is 473699 composite?
True
Is 392561 a prime number?
False
Is 14277 prime?
False
Is 7531 composite?
True
Is 14371 composite?
True
Is 3691 prime?
True
Is 2018395 a composite number?
True
Is 182467 composite?
False
Is 16241 composite?
True
Is 16871 prime?
True
Is 56519 a prime number?
True
Is 7967 prime?
False
Is 1637 a composite number?
False
Is 4861 composite?
False
Is 111715 prime?
False
Is 247 prime?
False
Is 1016891 a composite number?
False
Is 1624421 a prime number?
False
Is 2039 composite?
False
Is 1591595 composite?
True
Is 10673 a prime number?
False
Is 4529 prime?
False
Is 3163 a prime number?
True
Is 5051 a composite number?
False
Is 887 a prime number?
True
Is 10765 prime?
False
Is 38693 composite?
False
Is 55763 a prime number?
True
Is 69557 prime?
True
Is 116551 composite?
True
Is 541355 composite?
True
Is 957587 prime?
True
Is 324469 composite?
False
Is 376783 a prime number?
False
Is 16041 a prime number?
False
Is 90407 a composite number?
False
Is 25391 a composite number?
False
Is 75269 prime?
True
Is 3513 a prime number?
False
Is 1042201 a composite number?
True
Is 305563 composite?
False
Is 219251 composite?
False
Is 13894 prime?
False
Is 127154 composite?
True
Is 201881 prime?
True
Is 4271 composite?
False
Is 7555 a composite number?
True
Is 14971 a composite number?
True
Is 136103 composite?
True
Is 47721 a prime number?
False
Is 150239 prime?
True
Is 11579 a composite number?
False
Is 12791 composite?
False
Is 3956005 prime?
False
Is 1655 a composite number?
True
Is 5963 a composite number?
True
Is 2019071 prime?
True
Is 92767 a composite number?
False
Is 36899 a composite number?
False
Is 4001 a composite number?
False
Is 557 prime?
True
Is 119549 a prime number?
True
Is 2502503 composite?
True
Is 147207 composite?
True
Is 2059 prime?
False
Is 253537 a prime number?
True
Is 1517 composite?
True
Is 40159 a composite number?
True
Is 17179 prime?
False
Is 9147 a prime number?
False
Is 36263 a prime number?
True
Is 49957 prime?
True
Is 7919 composite?
False
Is 564193 a composite number?
True
Is 99793 composite?
False
Is 654697 prime?
True
Is 170501 a prime number?
False
Is 35491 prime?
True
Is 1892879 composite?
False
Is 2056083 a composite number?
True
Is 681311 a prime number?
True
Is 128227 composite?
True
Is 346699 composite?
False
Is 4099 composite?
False
Is 337 composite?
False
Is 20053 composite?
True
Is 11401 composite?
True
Is 1578133 prime?
True
Is 290363 composite?
True
Is 11483 a composite number?
False
Is 3131 a composite number?
True
Is 5169 a composite number?
True
Is 22853 prime?
True
Is 4751 a prime number?
True
Is 6899 composite?
False
Is 37691 composite?
False
Is 24593 composite?
False
Is 71557 prime?
False
Is 8051 a prime number?
False
Is 569443 composite?
True
Is 155678 composite?
True
Is 95153 a prime number?
True
Is 22051 prime?
True
Is 74551 a prime number?
True
Is 6553795 composite?
True
Is 296421 a prime number?
False
Is 106531 prime?
True
Is 322843 a composite number?
True
Is 36827 a composite number?
True
Is 9235 prime?
False
Is 12659 prime?
True
Is 7817 a composite number?
False
Is 3013 prime?
False
Is 15811 prime?
False
Is 7103 a composite number?
False
Is 4703 a composite number?
False
Is 7807 prime?
False
Is 1867 a prime number?
True
Is 606299 composite?
False
Is 77339 a prime number?
True
Is 293977 composite?
True
Is 1931 a composite number?
False
Is 3713849 prime?
True
Is 1086433 a composite number?
False
Is 60833 composite?
True
Is 266701 prime?
True
Is 66131 a prime number?
False
Is 405341 composite?
False
Is 273233 a composite number?
False
Is 157333 a prime number?
False
Is 52853 prime?
False
Is 631087 a prime number?
False
Is 1707 a composite number?
True
Is 27131 composite?
True
Is 24097 composite?
False
Is 5581 prime?
True
Is 45145 prime?
False
Is 107137 prime?
True
Is 5779 a composite number?
False
Is 25841 composite?
False
Is 1201821 a composite number?
True
Is 153191 a prime number?
True
Is 2947 composite?
True
Is 29717 a composite number?
False
Is 89251 a prime number?
False
Is 60353 a prime number?
True
Is 21557 a composite number?
False
Is 11657 composite?
False
Is 6573427 a composite number?
True
Is 390723 composite?
True
Is 15991 prime?
True
Is 221863 composite?
True
Is 229895 a composite number?
True
Is 56311 a prime number?
True
Is 30445 a prime number?
False
Is 1766441 a prime number?
True
Is 4351 prime?
False
Is 30773 prime?
True
Is 1939 a prime number?
False
Is 409943 a composite number?
False
Is 11213 composite?
False
Is 432317 a composite number?
False
Is 960049 prime?
True
Is 42323 a prime number?
True
Is 290701 prime?
True
Is 839663 a composite number?
True
Is 1446713 a composite number?
False
Is 1019939 prime?
False
Is 1858 composite?
True
Is 288881 prime?
False
Is 10133 a prime number?
True
Is 3098405 a composite number?
True
Is 63059 composite?
False
Is 33419 prime?
False
Is 396309 prime?
False
Is 1337 prime?
False
Is 521281 prime?
True
Is 1647227 composite?
False
Is 10937 a composite number?
False
Is 130769 a prime number?
True
Is 7531 composite?
True
Is 11558 a prime number?
False
Is 11239 prime?
True
Is 589481 composite?
False
Is 10727 a composite number?
True
Is 24287 a composite number?
True
Is 5747 a composite number?
True
Is 13669 a composite number?
False
Is 1651 a composite number?
True
Is 4547 a composite number?
False
Is 2021927 a composite number?
False
Is 114083 a composite number?
False
Is 38543 composite?
False
Is 52051 a prime number?
True
Is 26087 composite?
True
Is 2459 prime?
True
Is 7555 prime?
False
Is 425409 prime?
False
Is 24439 prime?
True
Is 1637 prime?
True
Is 1751 composite?
True
Is 20701 composite?
True
Is 151681 a composite number?
False
Is 10651 composite?
False
Is 10661 composite?
True
Is 12661 a prime number?
False
Is 357817 prime?
True
Is 383893 composite?
True
Is 35521 composite?
False
Is 643757 composite?
True
Is 1249 a prime number?
True
Is 215471 prime?
True
Is 34421 a prime number?
True
Is 190802 prime?
False
Is 3299 prime?
True
Is 14941 a prime number?
False
Is 622301 prime?
True
Is 35543 prime?
True
Is 219713 a composite number?
